28
What is the remainder when 7906 is divided by 36?
22
What is the remainder when 6672 is divided by 1460?
832
What is the remainder when 86277 is divided by 30?
27
Calculate the remainder when 222515 is divided by 111174.
167
What is the remainder when 126406 is divided by 19?
18
Calculate the remainder when 315 is divided by 38.
11
What is the remainder when 85390 is divided by 42691?
8
What is the remainder when 30888 is divided by 13?
0
What is the remainder when 53702 is divided by 13420?
22
What is the remainder when 230808 is divided by 53?
46
What is the remainder when 2153 is divided by 709?
26
What is the remainder when 3402 is divided by 517?
300
What is the remainder when 75066 is divided by 10?
6
What is the remainder when 603285 is divided by 133?
130
What is the remainder when 17374 is divided by 600?
574
What is the remainder when 96358 is divided by 220?
218
Calculate the remainder when 14916 is divided by 3725.
16
What is the remainder when 40149 is divided by 380?
249
What is the remainder when 2521 is divided by 271?
82
Calculate the remainder when 1694 is divided by 72.
38
Calculate the remainder when 2706 is divided by 452.
446
What is the remainder when 267 is divided by 95?
77
Calculate the remainder when 59407 is divided by 653.
637
What is the remainder when 24535 is divided by 110?
5
What is the remainder when 15933 is divided by 270?
3
Calculate the remainder when 4814 is divided by 2402.
10
What is the remainder when 1061 is divided by 1043?
18
Calculate the remainder when 297262 is divided by 5038.
20
What is the remainder when 93653 is divided by 11?
10
What is the remainder when 1753 is divided by 532?
157
Calculate the remainder when 619814 is divided by 6737.
10
What is the remainder when 11615 is divided by 46?
23
Calculate the remainder when 4327835 is divided by 12.
11
What is the remainder when 7994 is divided by 876?
110
What is the remainder when 2522207 is divided by 32?
31
Calculate the remainder when 313303 is divided by 67.
11
What is the remainder when 397 is divided by 396?
1
Calculate the remainder when 48116 is divided by 1204.
1160
Calculate the remainder when 932791 is divided by 14.
13
What is the remainder when 1062653 is divided by 7?
4
Calculate the remainder when 8945 is divided by 4385.
175
Calculate the remainder when 1245 is divided by 177.
6
What is the remainder when 103948 is divided by 110?
108
Calculate the remainder when 43057 is divided by 14279.
220
What is the remainder when 2362 is divided by 49?
10
What is the remainder when 114360 is divided by 56?
8
Calculate the remainder when 137617 is divided by 282.
1
What is the remainder when 8314 is divided by 846?
700
What is the remainder when 6479 is divided by 540?
539
What is the remainder when 618232 is divided by 75?
7
What is the remainder when 24727 is divided by 458?
453
What is the remainder when 5941 is divided by 198?
1
What is the remainder when 1149 is divided by 562?
25
What is the remainder when 106630 is divided by 3439?
21
What is the remainder when 4423 is divided by 48?
7
What is the remainder when 3649 is divided by 1817?
15
Calculate the remainder when 288997 is divided by 1521.
7
What is the remainder when 205191 is divided by 26?
25
Calculate the remainder when 1823672 is divided by 67.
66
What is the remainder when 10679 is divided by 411?
404
Calculate the remainder when 11499 is divided by 1039.
70
What is the remainder when 127259 is divided by 101?
100
Calculate the remainder when 866 is divided by 7.
5
What is the remainder when 306351 is divided by 11?
1
What is the remainder when 20639 is divided by 8?
7
What is the remainder when 80798 is divided by 679?
676
What is the remainder when 1249 is divided by 332?
253
What is the remainder when 1213 is divided by 451?
311
What is the remainder when 136936 is divided by 167?
163
What is the remainder when 107528 is divided by 896?
8
What is the remainder when 102315 is divided by 51148?
19
What is the remainder when 6651 is divided by 185?
176
What is the remainder when 146438 is divided by 31?
25
Calculate the remainder when 131480 is divided by 5478.
8
Calculate the remainder when 9793 is divided by 609.
49
What is the remainder when 2773409 is divided by 86?
81
What is the remainder when 13501070 is divided by 1352?
1350
What is the remainder when 553268 is divided by 27663?
8
Calculate the remainder when 3771 is divided by 1178.
237
What is the remainder when 13290 is divided by 530?
40
Calculate the remainder when 25223 is divided by 8304.
311
What is the remainder when 17366 is divided by 1439?
98
Calculate the remainder when 21732 is divided by 3621.
6
What is the remainder when 52188 is divided by 8?
4
Calculate the remainder when 8702 is divided by 725.
2
Calculate the remainder when 5362 is divided by 11.
5
Calculate the remainder when 227750 is divided by 4.
2
What is the remainder when 355785 is divided by 118594?
3
What is the remainder when 3097 is divided by 220?
17
What is the remainder when 43519 is divided by 3626?
7
What is the remainder when 21327 is divided by 5331?
3
What is the remainder when 3296 is divided by 3252?
44
Calculate the remainder when 2673439 is divided by 176.
175
What is the remainder when 24367 is divided by 6083?
35
What is the remainder when 10776 is divided by 1126?
642
What is the remainder when 5457 is divided by 473?
254
What is the remainder when 13421 is divided by 274?
269
Calculate the remainder when 157703 is divided by 886.
881
What is the remainder when 7792 is divided by 254?
172
What is the remainder when 4883 is divided by 98?
81
Calculate the remainder when 68881 is divided by 49.
36
Calculate the remainder when 22935 is divided by 31.
26
Calculate the remainder when 24543 is divided by 2045.
3
Calculate the remainder when 5849 is divided by 247.
168
Calculate the remainder when 50826 is divided by 524.
522
What is the remainder when 34864 is divided by 683?
31
Calculate the remainder when 1836 is divided by 394.
260
What is the remainder when 46628 is divided by 244?
24
Calculate the remainder when 228 is divided by 102.
24
Calculate the remainder when 35186 is divided by 463.
461
What is the remainder when 36662 is divided by 57?
11
What is the remainder when 1192 is divided by 59?
12
What is the remainder when 27995 is divided by 635?
55
Calculate the remainder when 80676 is divided by 1283.
1130
Calculate the remainder when 4190 is divided by 857.
762
Calculate the remainder when 1990 is divided by 473.
98
Calculate the remainder when 1984 is divided by 22.
4
Calculate the remainder when 910 is divided by 32.
14
What is the remainder when 1141 is divided by 1131?
10
What is the remainder when 519300 is divided by 173092?
24
Calculate the remainder when 181187 is divided by 42.
41
Calculate the remainder when 154629 is divided by 1531.
1529
What is the remainder when 8260 is divided by 1651?
5
Calculate the remainder when 2202 is divided by 407.
167
What is the remainder when 7184 is divided by 7152?
32
Calculate the remainder when 1418 is divided by 284.
282
Calculate the remainder when 14819 is divided by 14266.
553
What is the remainder when 5748 is divided by 23?
21
Calculate the remainder when 167557 is divided by 167549.
8
Calculate the remainder when 1200 is divided by 304.
288
What is the remainder when 176098 is divided by 2147?
44
Calculate the remainder when 1889 is divided by 1742.
147
What is the remainder when 8377 is divided by 1594?
407
Calculate the remainder when 11947 is divided by 5.
2
What is the remainder when 318342 is divided by 106104?
30
Calculate the remainder when 8041547 is divided by 12.
11
What is the remainder when 28669 is divided by 819?
4
Calculate the remainder when 818239 is divided by 160.
159
What is the remainder when 4707 is divided by 352?
131
Calculate the remainder when 8710 is divided by 459.
448
What is the remainder when 21218 is divided by 348?
338
Calculate the remainder when 10612053 is divided by 21.
18
Calculate the remainder when 5554 is divided by 52.
42
Calculate the remainder when 5477 is divided by 309.
224
What is the remainder when 18714 is divided by 19?
18
Calculate the remainder when 4237 is divided by 1410.
7
Calculate the remaind